{"id":13,"date":"2024-04-14T11:28:28","date_gmt":"2024-04-14T09:28:28","guid":{"rendered":"http:\/\/dahans.at\/wordpress\/?page_id=13"},"modified":"2024-12-01T10:34:06","modified_gmt":"2024-12-01T09:34:06","slug":"biografie","status":"publish","type":"page","link":"https:\/\/dahans.at\/wordpress\/index.php\/biografie\/","title":{"rendered":"Biografie und Philosophie"},"content":{"rendered":"\n<p class=\"has-white-color has-text-color has-link-color wp-elements-6834036f710da35074492e850e133979\"><em>&#8222;Stell Dir vor Alkbottle sind nach dem Gig die Getr\u00e4nkebons ausgegangen. Sie irren im Veranstaltungslokal umher um nach etwas Trinkbaren zu suchen. Dabei treffen sie auf die Herren von STS. Diese haben gerade vergessen wie in Griechenland der Wein schmeckt. So tun sie sich zusammen um in einem kleinen Club gemeinsam(!) zu musizieren&#8230;&#8220;<\/em><\/p>\n\n\n\n<p class=\"has-white-color has-text-color has-link-color wp-elements-b222eef6a232ddd0262364a1b054a32a\">Auf die Frage, wo denn DA HANS musikalisch einzuordnen w\u00e4re, entstand spontan folgende Aussage:<\/p>\n\n\n\n<p class=\"has-white-color has-text-color has-link-color wp-elements-264552029f5702b3c64dbe0065280e74\">Dort wo diese Geschichte mangels ausreichender Phantasie zwangsl\u00e4ufig enden muss, beginnt DA HANS sein Werk!<\/p>\n\n\n\n<p class=\"has-white-color has-text-color has-link-color wp-elements-17df9d03ceedf747978f69776320f80e\">DA HANS bewegt sich in einer st\u00e4ndigen Gratwanderung zwischen Satire und &#8222;Austropop&#8220; im weitesten Sinne.<\/p>\n\n\n\n<p class=\"has-white-color has-text-color has-link-color wp-elements-9396a7b6d71025f666f8183d6ef513ed\">Die Texte im steirischen Dialekt handeln von Dingen, wie sie jede\/r erlebt und daher auch nachvollziehen kann.<\/p>\n\n\n\n<p class=\"has-white-color has-text-color has-link-color wp-elements-6ca6e0bf3d33c2d6b871dd7392b6816a\">In einer (oder mehreren?) Mu\u00dfestunden kann man durch die Texte in die Gedankenwelt des HANS eintauchen und sich des \u00f6fteren auch selbst darin wiedererkennen. Die teilweise sehr bissigen Texte sorgen dabei f\u00fcr eine humorvolle Art der Selbstreflexion.<\/p>\n","protected":false},"excerpt":{"rendered":"<p>&#8222;Stell Dir vor Alkbottle sind nach dem Gig die Getr\u00e4nkebons ausgegangen. Sie irren im Veranstaltungslokal umher um nach etwas Trinkbaren zu suchen. Dabei treffen sie auf die Herren von STS.<a href=\"https:\/\/dahans.at\/wordpress\/index.php\/biografie\/\" class=\"more-link\"><span class=\"readmore\">Continue reading<span class=\"screen-reader-text\">Biografie und Philosophie<\/span><\/span><\/a><\/p>\n","protected":false},"author":1,"featured_media":0,"parent":0,"menu_order":0,"comment_status":"closed","ping_status":"closed","template":"","meta":{"footnotes":""},"class_list":["post-13","page","type-page","status-publish","hentry"],"_links":{"self":[{"href":"https:\/\/dahans.at\/wordpress\/index.php\/wp-json\/wp\/v2\/pages\/13","targetHints":{"allow":["GET"]}}],"collection":[{"href":"https:\/\/dahans.at\/wordpress\/index.php\/wp-json\/wp\/v2\/pages"}],"about":[{"href":"https:\/\/dahans.at\/wordpress\/index.php\/wp-json\/wp\/v2\/types\/page"}],"author":[{"embeddable":true,"href":"https:\/\/dahans.at\/wordpress\/index.php\/wp-json\/wp\/v2\/users\/1"}],"replies":[{"embeddable":true,"href":"https:\/\/dahans.at\/wordpress\/index.php\/wp-json\/wp\/v2\/comments?post=13"}],"version-history":[{"count":3,"href":"https:\/\/dahans.at\/wordpress\/index.php\/wp-json\/wp\/v2\/pages\/13\/revisions"}],"predecessor-version":[{"id":56,"href":"https:\/\/dahans.at\/wordpress\/index.php\/wp-json\/wp\/v2\/pages\/13\/revisions\/56"}],"wp:attachment":[{"href":"https:\/\/dahans.at\/wordpress\/index.php\/wp-json\/wp\/v2\/media?parent=13"}],"curies":[{"name":"wp","href":"https:\/\/api.w.org\/{rel}","templated":true}]}}